f l?
2, 43
List the prime factors of (48588/80*-4)/(1/(-5)).
3, 4049
Suppose 1482 - 732 = 8*s - 1394. What are the prime factors of s?
2, 67
Let r(n) = n**3 - 8*n**2 - 23*n - 3. Let z be r(11). Suppose z = 16*o + 11. List the prime factors of o.
2, 3
Let n(t) = 2*t**3 - 26*t**2 - 168*t - 11. What are the prime factors of n(22)?
5, 7, 11, 13
Let s = -45075 + 67405. What are the prime factors of s?
2, 5, 7, 11, 29
Let d(r) = -7*r**3 + 12*r**2 + 15*r + 59. List the prime factors of d(-8).
7, 613
Suppose 52 = -7*s + 3*s. Let b = 37 + s. Suppose 0 = 3*q - 3*c - b, 3*c + 4 + 2 = q. List the prime factors of q.
3
Let s(r) = 2*r**3 - 6*r**2 - 6*r - 6. Let v be s(5). Let c be (5 - 46/10) + v/(-10). List the prime factors of ((-65)/(-10))/((-3)/c).
13
Let i = 66623 - 39134. What are the prime factors of i?
3, 7, 11, 17
Let o = -276 - -163. Let w = 203 + o. What are the prime factors of w?
2, 3, 5
Let d = 42 + -26. Suppose d*t = -6376 + 22520. What are the prime factors of t?
1009
Suppose 0 = 2*i - 305 - 19. Suppose 2*l + 2*a - 370 = 0, 3*l + 2*a - 398 - i = 0. What are the prime factors of l?
2, 5, 19
Suppose 10*l - 26609 = 10071. Suppose -5*g + 4*o = -3674, -o = -5*g - 3*o + l. What are the prime factors of g?
2, 367
Suppose 65 = -3*h + 5. Let k(p) = -p**3 - 20*p**2 - 7*p - 64. What are the prime factors of k(h)?
2, 19
Suppose 4*g - 101748 = -3*i - 23092, 0 = i + 8. List the prime factors of g.
2, 5, 7, 281
List the prime factors of (4 + 1 - 3)*1865 + 8.
2, 3, 7, 89
Suppose 3*f = 8*k - 6*k + 11204, 4*k - 14972 = -4*f. What are the prime factors of f?
2, 3, 7, 89
Suppose w - 4705 = -5*f + 2823, -5*w + 37732 = 2*f. List the prime factors of w.
2, 3, 17, 37
Suppose -5*i - 153 = -123, i = 2*g - 16954. List the prime factors of g.
2, 19, 223
Let r(t) = -3*t + 12. Let l be r(4). Let m(i) = 46*i + 98. List the prime factors of m(l).
2, 7
Let c = -1435 - -743. Let f be (-9)/(-6)*(-9830)/15*1. Let o = c - f. What are the prime factors of o?
3, 97
Let w(m) = 116*m**2 - 105*m - 1980. What are the prime factors of w(-18)?
2, 3, 2083
Let a be 4/(-3)*(-6)/4. Let i(m) = 191 + 8*m + 12*m - 207 - m**a. List the prime factors of i(16).
2, 3
What are the prime factors of 6/(-33) + (-11440947)/(-1155) + 2/(-5)?
5, 7, 283
Let d(p) = 312*p - 453. List the prime factors of d(40).
3, 19, 211
Suppose -19*z = -14*z + 765. Let b = 412 + z. Suppose 3*l - b = 128. What are the prime factors of l?
3, 43
Let q(r) = -3*r**3 + 27*r**2 + 27*r - 17. What are the prime factors of q(-12)?
8731
Let s = -7 + 18. Let i(q) = 12*q + 5 + 6 - 8 + 33 - 3. What are the prime factors of i(s)?
3, 5, 11
Suppose 21 = -5*t + 4*j + 48, t - 18 = 5*j. Suppose -2*i - 6*l + 3*l = -666, -t*l - 969 = -3*i. Let p = -223 + i. List the prime factors of p.
2, 13
List the prime factors of (24/4 + -2 + -2)/(2/177).
3, 59
Let w(d) = 16*d**2 - 2*d - 1. Let x(y) = 15*y**2 - 2*y - 1. Let r(a) = 2*w(a) - 3*x(a). Let t be r(2). Let g = t + 84. List the prime factors of g.
37
Suppose -3*v + 7*v + 50240 = 6*k, -k + 2*v + 8380 = 0. List the prime factors of k.
2, 3, 5, 31
Suppose -12 = 4*s + 4*q, -3*s - q = 3 - 0. Suppose 8 + 25 = 11*t. Suppose -4*c + t*c - v + 115 = s, -2*c + 227 = -v. List the prime factors of c.
2, 3, 19
Let b(h) = -h**3 + 17*h**2 + 31*h - 21. Let a be b(15). Let v = a - -57. What are the prime factors of v?
3, 317
Let i be (-3)/(12/(-22)) + 30/(-20). Suppose -2*o - i*o = -1668. List the prime factors of o.
2, 139
Suppose m + 1 = -60. What are the prime factors of m*-3*5/15?
61
Let n(y) = y + 58. Let a be n(0). Suppose g - 4 = 0, 5*g = 3*u + 1 + 7. Suppose w - 167 = -2*c - a, 0 = 4*w - u. List the prime factors of c.
2, 3
Suppose -31900 = -j + 4*y, -4*j - 22146 = 3*y - 149651. What are the prime factors of j?
2, 5, 797
Let p(o) = 412*o**2 + 2*o - 2. Let q be p(-2). Suppose 14*s = -q + 8138. List the prime factors of s.
2, 29
Suppose 0 = -17*b + 70*b - 350171. What are the prime factors of b?
6607
Let g = 193693 - 138024. List the prime factors of g.
179, 311
Let h be -114*4/(40/(-135)). Suppose 0 = 32*n - 29*n - h. List the prime factors of n.
3, 19
Let a be (-1 - 0)/(2/(-578)). Suppose 76*i - 45 = 67*i. Suppose 0 = i*s - a - 101. What are the prime factors of s?
2, 3, 13
Let o be (-2 + 4)/(10/395). Let d = o + -79. Suppose -s + 147 + 46 = d. What are the prime factors of s?
193
Let a = -442 + 852. Let z = a - 152. What are the prime factors of z?
2, 3, 43
Let a(f) = 70*f**2 - 571*f - 19. What are the prime factors of a(-9)?
2, 5, 13, 83
Let n = 143 - 148. List the prime factors of n*(1374/(-10) - 3).
2, 3, 13
Suppose 0 = 2*g - 6*g + 416. Let a = g - 63. Suppose -524 = 37*m - a*m. What are the prime factors of m?
131
Let j(d) = 28*d**3 - 11*d**2 - 8*d - 11. List the prime factors of j(9).
2, 9719
Suppose 55*z - 7026 = -i + 57*z, 0 = 2*z + 10. What are the prime factors of i?
2, 877
What are the prime factors of 993128/14 + (-622)/(-2177)?
2, 3, 7, 563
Let u(a) = -2*a**3 - 7*a**2 + 12*a - 14. Let m be u(7). Let g be m/4 - 3/12. Let x = 483 + g. List the prime factors of x.
3
Suppose -5*j = -2*y + 3*y + 276, -y - 308 = -3*j. Let m = y + 715. List the prime factors of m.
419
Let s = -36 + 39. Let q be 15 + -19 + 3*s. Suppose -5*w - 4*y + 1296 = 413, q*w = -5*y + 885. List the prime factors of w.
5, 7
Suppose -32*h + 27*h = -20. Let n be -2 + h + -1 + 1. Suppose 0 = n*l - 126 - 0. What are the prime factors of l?
3, 7
Suppose 2*k - 33300 = -2*l, 5*l + 83320 = 2*k + 3*k. What are the prime factors of k?
16657
Suppose -6*h = -16*h + 4280. List the prime factors of h/(-7)*14/(-4).
2, 107
Suppose c = -2*h - 3*h + 25, -2*c + 5*h - 10 = 0. Suppose z = -3*l + c, -2*l - 23 - 2 = -5*z. Suppose l = 2*j - 0 - 10. List the prime factors of j.
5
Let j = -41 - -47. Suppose -j + 2 = -2*r. Suppose -v - 2*i + 16 = -61, -r*v = 3*i - 155. What are the prime factors of v?
79
Suppose 309*k = 317*k - 19000. What are the prime factors of k?
5, 19
Suppose 0 = -4*b + 13*x - 10*x + 1559, 5*x = 4*b - 1553. What are the prime factors of b?
2, 7
Suppose -3*y = y - 5*l + 2062, l = -2. Let z = y + 359. Let r = z - -243. What are the prime factors of r?
2, 3, 7
Let m(i) = 54*i + 2. Suppose -t - 11 = -4*o + 7, -t = 2. List the prime factors of m(o).
2, 109
Let y = 47 + -44. Let h(p) = 9 + 13 + 9 + 7 - p**y + 5*p + 17*p**2. List the prime factors of h(17).
3, 41
Let q(t) be the second derivative of -32 - 10*t**5 - t + 1/3*t**3 + 1/12*t**4 + t**2. List the prime factors of q(-1).
3, 67
List the prime factors of (238850/(-25))/((2/4)/(-1)).
2, 17, 281
Suppose 3*h + 2*a = 1206, 200 = 4*h - a - 1419. Let z = h - -209. What are the prime factors of z?
613
Let n = -69 + 74. Suppose 0 = k + n*k - 3888. Suppose 2*q - 366 = -2*f, -5*q + 4*f + 285 = -k. List the prime factors of q.
5, 37
Let v(u) = u**3 + 6*u**2 - 2*u - 5. Let y be v(-6). Let c be 3/(105/25)*y. Suppose -c*p - 2*b + 95 = 0, 3*p + b - 48 = -2*b. What are the prime factors of p?
3, 7
Let v = -98 - -100. Suppose -3*q + 4*w + 118 = 0, -w - 67 = -v*q + 4*w. What are the prime factors of q?
2, 23
Suppose -10*w - 265 = -9*w. Let n = w + 754. List the prime factors of n.
3, 163
Let x(z) = 1162*z - 7922. List the prime factors of x(37).
2, 137
Let j be 4 - (6/2 - 0). Suppose -q = -v + j, 0*q - 2*q = v - 10. Suppose 0 = -m - 3*x + 91, -v*x + 6*x = 3*m - 229. List the prime factors of m.
79
Let y(s) = s**2 + 14*s + 17. Suppose b + 5 = -2*n, 3*b + 7 + 20 = -3*n. Let m be y(b). Let p(v) = 41*v + 18. List the prime factors of p(m).
2, 7, 13
Suppose -8*g + 130663 = -49441. What are the prime factors of g?
47, 479
Suppose -6*v = -0*v - 12060. Suppose 4*n - v = -6*n. Let s = n - 120. List the prime factors of s.
3
Let x be ((-1067)/(-165) + (-1)/(-5))*6. Suppose -4*z = -9*z + x. Let n = z + 145. List the prime factors of n.
3, 17
Suppose 8*s = 5*s + 36. Suppose q = -f - 4*f + 14, -s = -q - 4*f. What are the prime factors of (-3545)/(-25) + q/(-5)?
3, 47
Let b(t) = 8558*t**2 + 191*t + 382. What are the prime factors of b(-2)?
2, 11, 389
Let o(g) = -g**3 + g**2 - g - 351. Let a be o(0). Let r = -41 - a. What are the prime factors of r?
2, 5, 31
List the prime factors of (86/3)/43 - (-42470)/6.
7079
Suppose 0 = 67*m - 42 + 42. Suppose m = 28*s - 16*s - 5460. List the prime factors of s.
5, 7, 13
Let 